{"id":11029,"date":"2026-08-07T12:48:52","date_gmt":"2026-08-07T10:48:52","guid":{"rendered":"https:\/\/realrustic.es\/propiedad\/finca-de-5000m2-con-masia-en-montana-y-con-agua-la-selva-del-camp-tarragona\/"},"modified":"2026-08-07T12:57:02","modified_gmt":"2026-08-07T10:57:02","slug":"finca-de-5000m2-amb-masia-a-la-muntanya-i-amb-aigua-la-selva-del-camp-tarragona","status":"publish","type":"property","link":"https:\/\/realrustic.es\/ca\/propiedad\/finca-de-5000m2-amb-masia-a-la-muntanya-i-amb-aigua-la-selva-del-camp-tarragona\/","title":{"rendered":"Finca de 5000m2 amb masia a la muntanya i amb aigua \u2013 La Selva del Camp | Tarragona"},"content":{"rendered":"<p>Finca ubicada a la Selva del Camp, a zona muntanyosa, amb 5000m\u00b2 d&#8217;extensi\u00f3, tota tancada, amb aigua i llum i, s&#8217;hi troba una casa de camp d&#8217;una sola planta.<\/p>\n<p>L&#8217;habitatge presenta un total de 63m\u00b2 \u00fatils, repartits entre sala-menjador, cuina, lavabo complet, una habitaci\u00f3 de matrimoni gran, una altra habitaci\u00f3 individual mitjana i una tercera petita.<\/p>\n<p>La cuina est\u00e0 equipada i el lavabo complet nom\u00e9s t\u00e9 un any de reforma; les finestres s\u00f3n d&#8217;alumini amb mosquiteres, i la calefacci\u00f3 \u00e9s amb estufa de llenya. Tot en perfecte estat, llesta per entrar-hi a viure.<\/p>\n<p>Al costat de la casa hi ha la zona de barbacoa; aquesta tancada amb finestres d&#8217;alumini noves de l&#8217;any passat i amb tendals per evitar que a l&#8217;estiu el fort sol escalfi l&#8217;espai. Annexat a aquest espai, trobem la bassa de reg, habilitada per donar-li \u00fas de piscina.<\/p>\n<p>A part, a uns nivells m\u00e9s baixos de la cota de la casa, hi ha la zona d&#8217;horta, els tancats per a animals com poden ser gossos, gallines o b\u00e9 ponis (antigament la propietat tenia ponis; per a cavalls \u00e9s m\u00e9s complicat pel fort desnivell que presenta la finca). A m\u00e9s, tamb\u00e9 hi ha tot un conjunt de magatzems \u2013 trasters els quals donen molts metres quadrats per emmagatzemar, crear zona de taller, etc.<\/p>\n<p>Disposa de fossa s\u00e8ptica per decantaci\u00f3.<\/p>\n<p>Aquest any s?ha constru\u00eft un nou pou amb bomba nova perqu\u00e8 l?anterior, de 40 anys d?antiguitat, va col\u00b7lapsar.<br \/>\nInstal\u00b7laci\u00f3 solar fotovoltaica per a la generaci\u00f3 d&#8217;electricitat, amb noves bateries de l&#8217;any passat, amb 3kw de pot\u00e8ncia de sortida. Sistema d&#8217;alarma instal\u00b7lat i totes les finestres, inclosa la porta principal de la casa, inclouen reixes de seguretat.<\/p>\n<p>Tota la finca est\u00e0 tancada i el fort desnivell est\u00e0 salvat amb terrasses amb marges constru\u00efts en pedra i formig\u00f3.<\/p>\n<p>Tota la finca es troba en perfecte estat de conservaci\u00f3.<\/p>\n<p>Lloc id\u00edl\u00b7lic per fer un canvi de vida i poder viure-hi envoltat de natura a tan sols 10 minuts del poble, on hi ha tots els serveis.<\/p>\n<p>L&#8217;acc\u00e9s \u00e9s una mica complicat per a aquells que no estan acostumats als camins rurals de muntanya i no \u00e9s apte per a tot tipus de turisme, per\u00f2 certament no \u00e9s obligat un 4&#215;4 per accedir-hi, sin\u00f3 amb un turisme alt s&#8217;hi pot arribar sense problemes.<\/p>\n","protected":false},"excerpt":{"rendered":"<p>Finca ubicada a la Selva del Camp, a zona muntanyosa, amb 5000m\u00b2 d&#8217;extensi\u00f3, tota tancada, amb aigua i llum i, s&#8217;hi troba una casa de camp d&#8217;una sola planta. L&#8217;habitatge presenta un total de 63m\u00b2 \u00fatils, repartits entre sala-menjador, cuina, lavabo complet, una habitaci\u00f3 de matrimoni gran, una altra habitaci\u00f3 individual mitjana i una tercera [&hellip;]<\/p>\n","protected":false},"author":3,"featured_media":11027,"parent":0,"menu_order":0,"template":"","property_type":[133,134,137],"property_status":[105],"property_feature":[207,295,142,141,143,226,245,148,296,215,145,297,237],"property_label":[],"property_country":[],"property_state":[151],"property_city":[164],"class_list":["post-11029","property","type-property","status-publish","has-post-thumbnail","hentry","property_type-finques-rustiques-agricoles","property_type-finques-rustiques-amb-masia","property_type-terrenys-de-muntanya","property_status-en-venda","property_feature-aigua-de-pou-i-o-mina","property_feature-alarma","property_feature-barbacoa-ca","property_feature-bassa-de-reg","property_feature-bosc","property_feature-cultiu","property_feature-diposit-d-agua-aljub","property_feature-hort","property_feature-instalacion-fotovoltaica","property_feature-jardi","property_feature-llar-de-foc","property_feature-trasteros","property_feature-vallat","property_state-tarragona-es-ca","property_city-la-selva-del-camp-ca"],"property_meta":{"fave_property_price":["230000"],"fave_show_price_placeholder":["0"],"fave_property_size":["63"],"fave_property_size_prefix":["m\u00b2"],"fave_property_land":["5000"],"fave_property_land_postfix":["m\u00b2"],"fave_property_bedrooms":["3"],"fave_property_bathrooms":["1"],"fave_property_location":["41.2145609,1.1377856,15"],"houzez_featured_listing_date":[""],"fave_loggedintoview":["0"],"fave_prop_homeslider":["no"],"_houzez_expiration_date_status":["saved"],"_wpml_media_duplicate":["1"],"_wpml_media_featured":["1"],"_thumbnail_id":["11027"],"_wpml_word_count":["380"],"_edit_lock":["1786100246:1"],"_edit_last":["1"],"fave_property_map":["1"],"fave_property_map_street_view":["hide"],"houzez_manual_expire":["0"],"fave_featured":["0"],"houzez_geolocation_lat":["41.2145609"],"houzez_geolocation_long":["1.1377856"],"fave_property_images":["10997","11011","11003","11015","11019","10995","11005","10999","10993","11001","11017","10987","10989","11013","10985","11009","11007","10991","11021","11023"],"fave_agent_display_option":["author_info"],"fave_single_top_area":["global"],"fave_single_content_area":["global"],"_last_translation_edit_mode":["native-editor"],"houzez_total_property_views":["56"],"houzez_views_by_date":["a:22:{s:10:\"08-07-2026\";i:3;s:10:\"08-08-2026\";i:2;s:10:\"08-09-2026\";i:1;s:10:\"08-10-2026\";i:2;s:10:\"08-11-2026\";i:3;s:10:\"08-12-2026\";i:1;s:10:\"08-13-2026\";i:2;s:10:\"08-15-2026\";i:1;s:10:\"08-17-2026\";i:1;s:10:\"08-18-2026\";i:3;s:10:\"08-19-2026\";i:5;s:10:\"08-20-2026\";i:6;s:10:\"08-21-2026\";i:3;s:10:\"08-22-2026\";i:3;s:10:\"08-23-2026\";i:2;s:10:\"08-24-2026\";i:1;s:10:\"08-25-2026\";i:4;s:10:\"08-26-2026\";i:2;s:10:\"08-28-2026\";i:3;s:10:\"08-29-2026\";i:4;s:10:\"08-30-2026\";i:1;s:10:\"08-31-2026\";i:3;}"],"houzez_recently_viewed":["2026-08-31 16:28:16"],"_elementor_page_assets":["a:0:{}"]},"_links":{"self":[{"href":"https:\/\/realrustic.es\/ca\/wp-json\/wp\/v2\/properties\/11029","targetHints":{"allow":["GET"]}}],"collection":[{"href":"https:\/\/realrustic.es\/ca\/wp-json\/wp\/v2\/properties"}],"about":[{"href":"https:\/\/realrustic.es\/ca\/wp-json\/wp\/v2\/types\/property"}],"author":[{"embeddable":true,"href":"https:\/\/realrustic.es\/ca\/wp-json\/wp\/v2\/users\/3"}],"version-history":[{"count":2,"href":"https:\/\/realrustic.es\/ca\/wp-json\/wp\/v2\/properties\/11029\/revisions"}],"predecessor-version":[{"id":11031,"href":"https:\/\/realrustic.es\/ca\/wp-json\/wp\/v2\/properties\/11029\/revisions\/11031"}],"wp:featuredmedia":[{"embeddable":true,"href":"https:\/\/realrustic.es\/ca\/wp-json\/wp\/v2\/media\/11027"}],"wp:attachment":[{"href":"https:\/\/realrustic.es\/ca\/wp-json\/wp\/v2\/media?parent=11029"}],"wp:term":[{"taxonomy":"property_type","embeddable":true,"href":"https:\/\/realrustic.es\/ca\/wp-json\/wp\/v2\/property_type?post=11029"},{"taxonomy":"property_status","embeddable":true,"href":"https:\/\/realrustic.es\/ca\/wp-json\/wp\/v2\/property_status?post=11029"},{"taxonomy":"property_feature","embeddable":true,"href":"https:\/\/realrustic.es\/ca\/wp-json\/wp\/v2\/property_feature?post=11029"},{"taxonomy":"property_label","embeddable":true,"href":"https:\/\/realrustic.es\/ca\/wp-json\/wp\/v2\/property_label?post=11029"},{"taxonomy":"property_country","embeddable":true,"href":"https:\/\/realrustic.es\/ca\/wp-json\/wp\/v2\/property_country?post=11029"},{"taxonomy":"property_state","embeddable":true,"href":"https:\/\/realrustic.es\/ca\/wp-json\/wp\/v2\/property_state?post=11029"},{"taxonomy":"property_city","embeddable":true,"href":"https:\/\/realrustic.es\/ca\/wp-json\/wp\/v2\/property_city?post=11029"}],"curies":[{"name":"wp","href":"https:\/\/api.w.org\/{rel}","templated":true}]}}

<p>Finca ubicada a la Selva del Camp, a zona muntanyosa, amb 5000m² d&#8217;extensió, tota tancada, amb aigua i llum i, s&#8217;hi troba una casa de camp d&#8217;una sola planta.</p>
<p>L&#8217;habitatge presenta un total de 63m² útils, repartits entre sala-menjador, cuina, lavabo complet, una habitació de matrimoni gran, una altra habitació individual mitjana i una tercera petita.</p>
<p>La cuina està equipada i el lavabo complet només té un any de reforma; les finestres són d&#8217;alumini amb mosquiteres, i la calefacció és amb estufa de llenya. Tot en perfecte estat, llesta per entrar-hi a viure.</p>
<p>Al costat de la casa hi ha la zona de barbacoa; aquesta tancada amb finestres d&#8217;alumini noves de l&#8217;any passat i amb tendals per evitar que a l&#8217;estiu el fort sol escalfi l&#8217;espai. Annexat a aquest espai, trobem la bassa de reg, habilitada per donar-li ús de piscina.</p>
<p>A part, a uns nivells més baixos de la cota de la casa, hi ha la zona d&#8217;horta, els tancats per a animals com poden ser gossos, gallines o bé ponis (antigament la propietat tenia ponis; per a cavalls és més complicat pel fort desnivell que presenta la finca). A més, també hi ha tot un conjunt de magatzems – trasters els quals donen molts metres quadrats per emmagatzemar, crear zona de taller, etc.</p>
<p>Disposa de fossa sèptica per decantació.</p>
<p>Aquest any s?ha construït un nou pou amb bomba nova perquè l?anterior, de 40 anys d?antiguitat, va col·lapsar.<br />
Instal·lació solar fotovoltaica per a la generació d&#8217;electricitat, amb noves bateries de l&#8217;any passat, amb 3kw de potència de sortida. Sistema d&#8217;alarma instal·lat i totes les finestres, inclosa la porta principal de la casa, inclouen reixes de seguretat.</p>
<p>Tota la finca està tancada i el fort desnivell està salvat amb terrasses amb marges construïts en pedra i formigó.</p>
<p>Tota la finca es troba en perfecte estat de conservació.</p>
<p>Lloc idíl·lic per fer un canvi de vida i poder viure-hi envoltat de natura a tan sols 10 minuts del poble, on hi ha tots els serveis.</p>
<p>L&#8217;accés és una mica complicat per a aquells que no estan acostumats als camins rurals de muntanya i no és apte per a tot tipus de turisme, però certament no és obligat un 4&#215;4 per accedir-hi, sinó amb un turisme alt s&#8217;hi pot arribar sense problemes.</p>

<p>Finca ubicada a la Selva del Camp, a zona muntanyosa, amb 5000m² d&#8217;extensió, tota tancada, amb aigua i llum i, s&#8217;hi troba una casa de camp d&#8217;una sola planta. L&#8217;habitatge presenta un total de 63m² útils, repartits entre sala-menjador, cuina, lavabo complet, una habitació de matrimoni gran, una altra habitació individual mitjana i una tercera [&hellip;]</p>
